 - 5480. What are the prime factors of j?
2, 5, 137
Let r be -22*(-1 - 21/(-6)). Let q = -37 - r. List the prime factors of q.
2, 3
List the prime factors of (264/(-32) + 8)*-4632.
2, 3, 193
Suppose 0 = 6*w + 740 + 4. What are the prime factors of 28*((-4)/(-6) - w/48)?
7, 13
Let b(z) = -8*z - 13. Let s be b(-6). Let o(x) = -4*x + 1. Let r be o(5). Let y = r + s. What are the prime factors of y?
2
Suppose 0 = 44*l - 40*l - 732. What are the prime factors of l?
3, 61
Let t = 586 - 323. List the prime factors of t.
263
Let f(w) = -3*w - 6. Let n be f(-5). Suppose 48 = -7*o + n*o. List the prime factors of o.
2, 3
Let b(x) = -x + 2. Let n = 19 + 8. Suppose 2*c + c - 2*o + 9 = 0, 4*o = -3*c - n. List the prime factors of b(c).
7
Let a = 1366 - 942. What are the prime factors of a?
2, 53
Suppose -4*h - 3*f - 155 = 0, -204 = 5*h - 3*f + 10. Let k(o) = o**3 + 3*o**2 + 5. Let m be k(-6). Let z = h - m. List the prime factors of z.
2, 31
Let f = 801 + 993. What are the prime factors of f?
2, 3, 13, 23
Suppose -s + 3*j + 3199 = 0, -2*s + 0*j + 6391 = j. What are the prime factors of s?
2, 17, 47
What are the prime factors of (1/5)/((-57)/(-738435))?
2591
Suppose 0*o + 3*o = -306. Let c = -57 - o. List the prime factors of c.
3, 5
Suppose -w = 41 - 39. Let h(o) be the second derivative of -3*o**5/10 + o**4/3 + o**3 + o**2 - o. What are the prime factors of h(w)?
2, 3
Let z be (-3)/((-9)/(-24)) - -2. Let w(y) = 6*y + 6. Let b(n) = -11*n - 13. Let u(o) = 3*b(o) + 5*w(o). List the prime factors of u(z).
3
Let c(m) = -27*m**3 - 5*m**2 - 7*m - 2. Let h(q) = q**2 - 13*q + 10. Let j be h(12). List the prime factors of c(j).
2, 13
Let t(z) = 6*z**2 + 18*z + 148. What are the prime factors of t(-27)?
2, 1009
Let b(x) = x**3 + 7*x**2 - x. Suppose 4*o + 25 = -s, 5*s + 17 = -8. What are the prime factors of b(o)?
5, 11
Let m = -34 - 47. Suppose 5*x - 2*a - 121 = 454, -605 = -5*x - 4*a. Let d = m + x. What are the prime factors of d?
2, 3
Suppose -3*w + w + 1094 = 5*k, -2*k + 428 = 4*w. Let v be ((-3)/(-4))/(11/k). List the prime factors of (v/(-9))/(4/(-24)).
2, 5
What are the prime factors of ((-8943)/132)/(2/(-8))?
271
List the prime factors of 4/(-18) + 196262/198.
991
What are the prime factors of ((-964)/6)/((-82)/615) - 4?
1201
What are the prime factors of 274/4*(0 + 4 + 2)?
3, 137
Let s = 58 - 56. Suppose s*r - 204 = -2*r. List the prime factors of r.
3, 17
List the prime factors of 3 - (-13)/((-91)/(-17255)).
2, 617
Let x = -4425 + 6601. List the prime factors of x.
2, 17
Let r = 8 + -3. Suppose -r*i = 4*c - 3*i - 48, -4*i = -c + 12. Suppose 2*u - u = -z + c, 28 = u - 3*z. What are the prime factors of u?
2
Let u = -707 + 1214. Suppose 21*q - 18*q - u = 0. What are the prime factors of q?
13
Let l = 44 - 44. Suppose 2*k - 8 = -v - v, -3*k = -5*v + 12. Suppose 0 = 2*g - v*a - l*a - 37, -2*a - 58 = -3*g. What are the prime factors of g?
2, 5
List the prime factors of (5/2)/((30/11780)/3).
5, 19, 31
Let f(k) = 4*k**2 - 29*k - 40. What are the prime factors of f(-18)?
2, 7, 127
Let f be (-26)/(-4) + 12/(-24). Suppose 35 = f*y - 97. What are the prime factors of y?
2, 11
Let b = 13 + 3. Suppose -5*i - 2*s + 16 = 0, -3*i - 3*s + b - 1 = 0. What are the prime factors of i?
2
Let c(j) = -j - 7. Suppose 5*l - d + 35 = 0, 2*l + 4*d = -3*l - 35. Let a be c(l). Suppose -p - x = -15, 5*x = 5*p - a*x - 125. List the prime factors of p.
2, 5
Let f = -16 + 18. Let m(w) = 8*w**2 + 1 - 5*w**2 - w - 6*w**f - 3*w**3. What are the prime factors of m(-2)?
3, 5
Let j = -4 - -9. Suppose 6*t - 3*y - 51 = 5*t, -5*t = j*y - 175. What are the prime factors of t?
3, 13
Suppose -584 = -4*p - 4*u + 588, -2*u - 1472 = -5*p. List the prime factors of p.
2, 3, 7
Suppose -1305 + 125 = -2*z. What are the prime factors of z?
2, 5, 59
Let j = 67 + -61. Let b(a) be the third derivative of a**6/120 - a**5/12 + a**4/24 - 4*a**3/3 - a**2. List the prime factors of b(j).
2, 17
Let v = 45 - 43. Suppose -6*w = 4*i - v*w - 36, 2*i - 53 = 5*w. What are the prime factors of i?
2, 7
Suppose 0 = -2*y - 4*z + 5162, y - 2601 = -10*z + 12*z. List the prime factors of y.
2591
Let a = -9 - -12. Suppose 0*k = b - 3*k + 6, -5*b + k = -12. Suppose 0 = -i + 4*f + 24, -3*f = b*i - 60 + a. What are the prime factors of i?
2, 5
What are the prime factors of 24*13 - (11 - 6)?
307
Let x(a) = 15*a + 859. What are the prime factors of x(52)?
11, 149
Suppose 4 = -v - v - 2*u, -3*u = -5*v + 6. Suppose -324 = -2*h - t, h = -v*t - 3*t + 162. What are the prime factors of h?
2, 3
Let j(x) = 2*x - 2. Let b be j(-27). Let t be (54/15)/((-6)/20). What are the prime factors of 6/1*b/t?
2, 7
Suppose -13*b - 5029 = -44159. What are the prime factors of b?
2, 5, 7, 43
Let y = 66 - 19. Suppose 4*b - 15 = 97. Let r = y - b. What are the prime factors of r?
19
Suppose 3*d = 21 + 24. Suppose d = -3*u - 2*u. Let b(k) = -7*k + 1. List the prime factors of b(u).
2, 11
Suppose 5*u - 4*o = 220, 2*u + 2*u + o = 197. What are the prime factors of u?
2, 3
Let k = -14 - -13. Let i(q) = -170*q**3 + 2*q**2 - q - 2. What are the prime factors of i(k)?
3, 19
Suppose 0*h + h - 5*m - 17 = 0, 3*h - m = 9. Suppose 4*g + h*t = 174, 0 = 2*g + 3*t - 96 + 19. Let a = g + -25. What are the prime factors of a?
3, 7
Let y = 778 - 1106. Let m = -148 - y. What are the prime factors of m?
2, 3, 5
Let q(m) = -m**2 + 6*m + 4. Let w be q(6). Suppose 3*b = -b - w. What are the prime factors of 3 + 0 + (-7)/b?
2, 5
Let b = -14 - -24. Let p = b + -7. Suppose -25 = -2*j + p. List the prime factors of j.
2, 7
Let k = -79 - -54. Let l be (k + -1)*(1 - 0). What are the prime factors of 12/78 - 308/l?
2, 3
Let q(j) = -j**2 - 2*j + 7. Let w be q(0). Suppose 4*s + 3*y = w*y + 52, -50 = -4*s + 2*y. What are the prime factors of s?
2, 3
Suppose -4*q - 9 = -7*q. Suppose q*j + 7 - 81 = -a, 2*j = -5*a + 32. What are the prime factors of j?
2, 13
Suppose 2*q = -o - 13, -2*q - 5*o - 12 = 5. Let g be (-1)/((-52)/(-12) - 4). Let h = g - q. What are the prime factors of h?
3
Let a = -4575 - -6502. List the prime factors of a.
41, 47
Let g = -31 + 29. List the prime factors of ((8/6)/g)/(36/(-7506)).
139
Suppose x + x = 20. Suppose v = 40 - x. What are the prime factors of v?
2, 3, 5
Suppose 3*x - 2*c = 1872 - 551, -c + 1754 = 4*x. What are the prime factors of x?
439
Suppose 3*b = -5*d + 1148, -2*d - 5*b = -106 - 338. List the prime factors of d.
2, 29
Suppose 5*c = 2*c - 3*f + 288, 4*c - 378 = 2*f. What are the prime factors of c?
5, 19
Suppose -2*h - 1230 = -3*r, 2025 = -2*r + 7*r + 5*h. List the prime factors of r.
2, 3, 17
Let i = -5 + 8. Suppose -2*c = -6*c + i*n + 15, 4 = -4*n. Suppose 4 = -h, 5*g = -c*h + 50 + 58. What are the prime factors of g?
2, 3
Suppose -4*l = -185 - 187. Let u = -56 + l. Let p = u + -15. List the prime factors of p.
2, 11
Let a = 671 + -399. List the prime factors of a.
2, 17
What are the prime factors of (17 + -4 - 10)*1658/6?
829
Suppose -2*f - 5*b + 284 = 0, 4*b - 412 = -3*f - 0*b. Let l = f - 72. What are the prime factors of l?
2, 3, 5
Let q(y) = -4*y**2 - 39*y + 6. Let w(o) = -2*o**2 - 19*o + 3. Let b(j) = 4*q(j) - 9*w(j). What are the prime factors of b(-11)?
2, 37
Let z(d) = 2*d + 23. Let l be z(-10). Suppose -l*a + 64 = 5*a. Let m = -2 + a. What are the prime factors of m?
2, 3
Suppose -4262 = -5*w - 2*g - 0*g, -4*w + 3413 = 5*g. What are the prime factors of w?
2, 3, 71
Suppose -6*y + 22 = -8. Suppose -364 = -y*z + 4*l, 5*z - 2*l = l + 363. What are the prime factors of z?
2, 3
Suppose 5*x + 4*w + 6 = 0, 4*x + x + 2*w - 2 = 0. Let z be 1 - (x + 1 + -35). Suppose 5*c = 168 - z. What are the prime factors of c?
3
Let l be (25 - -2)/(3 - 2). Suppose 0*x + r - 21 = -3*x, 0 = 4*x + r - l. List the prime factors of x.
2, 3
Let g = 364 - -364. What are the prime factors of g?
2, 7, 13
Let z = -7 + 10. Suppose f - 348 = -z*f + 5*x, -5*f + 4*x = -444. What are the prime factors of f?
2, 23
Let o(f) = 3*f**2 + 12*f - 29. Let g(a) = a**2 + 4*a - 10. Let p(i) = -11*g(i) + 4*o(i). Let n be p(-5). Let r = n + 3. List the prime factors of r.
2
Let r(c) = -c**2 - c + 5. Let w be r(0). Suppose -2*l = -w*l. Suppose l = 4*x - 52 + 4. What are the prime factors of x?
2, 3
Suppose -2*s - 2*s - a + 1924 = 0, 5*s + 4*a - 2416 = 0. List the prime factors of s.
2, 3